c) = 5*c**2 - 1. Let n be v(1). Let t be n/10 + (-117)/(-45). Suppose -t*y + 7 = -5. What is the units digit of y?
4
Suppose 48*v - 42*v - 2406 = 0. What is the tens digit of v?
0
Suppose 11*h - 60 = -5. Let c(n) be the first derivative of 7*n**2/2 + 2*n - 1. What is the units digit of c(h)?
7
Let y(c) = c**2 - 3*c - 5. Let o be y(-2). Suppose -o*m + 825 = -0*m. Suppose 2*f = -z + 50, f + 0*f = -4*z + m. What is the units digit of z?
0
Let z be 5 + (8/4 - 2). Suppose -4 = 4*f - z*o, -f - 2*o = -3*f. Suppose f*r - 54 = 74. What is the tens digit of r?
3
Let g(f) be the first derivative of 5*f**4/24 + 3*f**2/2 + 3. Let z(y) be the second derivative of g(y). What is the units digit of z(1)?
5
Let f = -14 - -30. Suppose -h = 3*h - f. Suppose -h*o + 33 = -o. What is the units digit of o?
1
Let m(p) = 20*p**2 + 14*p + 109. What is the hundreds digit of m(-11)?
3
Let q(g) = g + 10. Let a be q(-6). Suppose 0 = -3*k - b + 2*b + 146, -b + a = 0. What is the tens digit of k?
5
Let i(k) = 3*k**2 - 45 + 47 + 6*k**2 - k**3. What is the tens digit of i(8)?
6
Let q be 14*-5*(-4)/70. Suppose -65 = -q*g + 39. What is the tens digit of g?
2
Let p(m) = 4*m**2 + 9*m + 6. Let y(o) = -7*o**2 - 19*o - 12. Let w(g) = 5*p(g) + 3*y(g). Let v = 2 - 10. What is the units digit of w(v)?
6
Suppose -3*d - 275 = 2*d. Let u = 169 + d. What is the tens digit of u?
1
Suppose 3*v = 4*v - 33. Let t = v + -30. What is the units digit of (-22)/3*t/(-2)?
1
Let x be (-45)/5*-1*1. Let n = x - 6. Suppose n*w - v = 8 + 21, -2*w - 4*v = -38. What is the units digit of w?
1
Let m(l) = -11*l + 91*l + 4 - 8*l. Let k be m(3). Suppose -2*i - w = -2*w - 89, 2*w + k = 5*i. What is the tens digit of i?
4
Let a be (-36)/15 + (-2)/(-5). Let l(w) be the second derivative of -w**5/20 + w**4/12 + w**3/6 + w**2/2 - 17*w. What is the tens digit of l(a)?
1
What is the tens digit of 343/(-35) - -9 - 2469/(-5)?
9
Suppose -2*q - 268 = 648. Let b = q + 681. What is the hundreds digit of b?
2
Let b = -805 - -1537. What is the tens digit of b?
3
What is the units digit of (-3 + 5 - 4) + 529?
7
Let s(j) = -j**3 + j**2 - j. Let b be s(2). Let a(n) = -21*n**2 - n**3 + 3 + 14*n**2 - 1 - 8*n. What is the tens digit of a(b)?
1
Let h = 6707 - 3823. What is the tens digit of h?
8
Suppose -8346 = -10*j - 516. What is the tens digit of j?
8
Let k(w) be the second derivative of w**3/2 + 5*w**2/2 - 5*w. Suppose 25 = g - 5*r, 5*g - 16 = -3*r - 3. What is the tens digit of k(g)?
2
Suppose b + b - 16 = 0. Let y be (b/(-3))/((-13)/(-78)). Let k = y - -20. What is the units digit of k?
4
What is the units digit of (0 - -1)/((-29)/(-7) + -4)?
7
Let f = 47 - 49. What is the units digit of (-96 - f)*(2 + -4)?
8
What is the units digit of 462 - (-49)/(-14)*-2?
9
Let p(i) = 5*i + 177. Let g be 0/(2 + 2)*1. What is the hundreds digit of p(g)?
1
What is the units digit of ((-1630)/(-6))/((-104)/117 + 1)?
5
Let z be 0 + 2 - 104/8. Let t = -14 - z. Let i = t + 33. What is the tens digit of i?
3
Suppose -2*n + 3*n = 4, 2*b - 5*n + 6 = 0. Let p be b/(-28) + (-363)/(-12). Let i = p - 2. What is the tens digit of i?
2
Let g = 134 + -35. Suppose -2*q = -g - 21. Suppose 0 = -4*l + q + 8. What is the units digit of l?
7
Let m be (1 - 13)*(-3 - (-330)/(-12)). Suppose 2*p - 5*f = -p + m, f - 511 = -4*p. What is the units digit of p?
7
Suppose 6*i - 854 = 2806. What is the hundreds digit of i?
6
Let t(i) be the third derivative of i**6/120 + 7*i**5/20 + 19*i**4/12 + 8*i**3/3 - 2*i**2 + 6. What is the tens digit of t(-19)?
1
Suppose 5*c - 2*f - 6508 = 9360, 0 = -f + 1. What is the hundreds digit of c?
1
What is the units digit of -3436*(-1 + (-1)/(-4)*2)?
8
What is the tens digit of 355/10*4*5?
1
Let u(c) = -32*c - 3. Let i be u(-3). Let n = i - 55. Suppose 0 = 2*g - 3*h - 63, 5*h - n = -g. What is the units digit of g?
3
What is the tens digit of ((-36)/(-16))/3 - 66983/(-28)?
9
Let v(a) = -2*a**2 + 4*a - 19. Let q be v(9). Let x = q + 279. What is the tens digit of x?
3
Let j be (1/1)/((-3)/(-15)). Suppose 8*g - j*g - 2 = -l, -95 = -5*l + 2*g. What is the units digit of l?
7
Let h = -2 - 12. Let q be (12 + -1)/(13/(182/(-14))). Let w = q - h. What is the units digit of w?
3
Let z be (-6)/(-9) + (-75)/(-9). Suppose 0*m = -m + 5*c + z, -30 = -2*m - 2*c. Suppose -4*w + 86 = -m. What is the tens digit of w?
2
Let t = 305 + -27. What is the tens digit of t?
7
What is the tens digit of 18/(-81) - 23296/(-18)?
9
Let p(t) = t**3 - t. Let v be p(2). Suppose 2*n - v = 0, 5*n - 4*n = -4*q - 121. Let y = 79 + q. What is the units digit of y?
8
Let y be (30/5)/(2*-1). Let c be (1 - 2)/(y/6). Suppose -m + 0 + c = 0. What is the units digit of m?
2
Let b(f) = f**2 - 2*f - 5. Let l be b(4). Suppose 0*n = 4*j - n - 206, -2*j + 98 = -l*n. What is the tens digit of j?
5
Let f(x) = x**2 - 37*x + 24. Let n be f(16). What is the units digit of (-3 + 0)/(8/n)?
7
Let u(w) = 2*w + 1. Let q be u(-4). Let d(l) = l**3 + 8*l**2 + 6*l - 5. Let v be d(q). Suppose -f - a = -35, 50 = v*f - 4*a - 8. What is the units digit of f?
3
Suppose 5*i = y - 2*y, -y = 4*i. Suppose -3*m + 2*z + 199 = -0*z, 5*m - z - 334 = y. What is the units digit of m?
7
Let r be -2*274/(-6)*3. Suppose -20*c = -25*c - 20. What is the units digit of 1/c + r/8?
4
Let c(n) = n**3 + 9*n**2 + 8*n - 15. Suppose 3*z + 3*o + 0 = -21, -4*o = -5*z - 35. What is the tens digit of c(z)?
2
Let w = 741 + -688. What is the tens digit of w?
5
Let z = 1589 + 1692. Suppose -7*y + z = 10*y. What is the units digit of y?
3
Suppose 18*i - 2 = 17*i. What is the units digit of 7*(2/i)/(5 + -4)?
7
Let w = 12 + -9. Let n be w + 8/(-4) + -99. What is the units digit of (-5)/30 - n/12?
8
Let o = 239 + 159. What is the tens digit of o?
9
Let i = 32 + -29. Suppose 6 = -0*b - i*b, -5*x = -b + 3. Let k(n) = -52*n - 2. What is the tens digit of k(x)?
5
Let c(m) = m**2 + 3*m + 7. Let w(b) = -b**2 + 1 - 7 - 2*b + 0. Let l(k) = -3*c(k) - 4*w(k). What is the tens digit of l(-4)?
2
Let y = 12 + -9. Suppose 2*u - 2 = -4*z, -4*u + y*z + 11 = 4*z. Suppose -5*b = -u*b - 22. What is the tens digit of b?
1
Let z be (-1 - -3 - -23) + (-3 - -6). Let g = z - 26. What is the units digit of g?
2
Let f(x) = 2*x**2 - 4*x + 5*x + 4 - 2. Let r be f(-2). Suppose -2*p + 6*p = 4*s + r, 2*p - 19 = -3*s. What is the units digit of p?
5
Let v = -2137 + 7244. What is the tens digit of v?
0
Suppose -11*l + 138 = -34*l. Let i(m) = m**2 - 7*m - 1. Let u(p) = 3*p**2 - 14*p - 2. Let q(g) = 5*i(g) - 2*u(g). What is the units digit of q(l)?
5
Let s = -8 + 11. Suppose 4*z + 213 = 3*h, -s*z = -h - 7 + 83. What is the units digit of h?
7
Let y = -11 - -15. Suppose -f + 6 = -y*f. What is the tens digit of 54/4*(0 - f)?
2
Suppose -q - 3*q = -220. Let m = q - 47. What is the units digit of m?
8
Suppose 43 = 3*z - 353. Let r = z + -72. What is the tens digit of r?
6
Let n(s) = s**2 + 2*s - 6. Let l be n(-9). Suppose -3*r - 5*f = -f + l, -3 = f. What is the units digit of (-2)/(-6) + r/(-9)?
2
Let s(v) = -3*v**2 + 3*v - 2. Let n be s(1). Suppose -3*z + 0*z - 3150 = 0. What is the units digit of (n/(-5))/((-15)/z)?
8
Suppose 3*t - 4*c - 1966 = 0, 3*c + 2626 = -5*t + 9*t. Suppose t = 4*z + 3*d, -3*z - 11*d = -8*d - 492. What is the units digit of z?
6
Let p(o) = -2*o - 12. Let i be p(-9). Suppose -i*s - 26 = -x - s, 5*x = 3*s + 86. What is the tens digit of x?
1
What is the thousands digit of (3 - -3356)/(13/26)?
6
Let r(j) = 2*j**2 - 9*j - 203. What is the hundreds digit of r(23)?
6
Let p(y) = -y**3 + 14*y**2 - 3*y + 7. What is the hundreds digit of p(11)?
3
Suppose -4*t + 943 - 339 = 0. Let v = t + -107. What is the units digit of v?
4
Let l(x) = 3*x**2 - 2*x - 1. Let z(i) = 10*i**2 - 7*i - 3. Let j(t) = 7*l(t) - 2*z(t). What is the units digit of j(-8)?
3
Suppose -2*d + 0*d = -10, -2*d = 3*u - 34. Let m = u - 2. What is the units digit of (60/18)/(4/m)?
5
Suppose -5*g + 150 = -5*b, 2*b + 50 = b - 3*g. Let m = b + 14. Let p = 0 - m. What is the tens digit of p?
2
Let g be (2 + 1)/(-1 - -2). Let s be -2 + g - (5 + -6). Suppose -72 = -2*t - s*t. What is the tens digit of t?
1
Suppose 0 = j + 4*z - 30, -3*j - 20 = -z - 84. Let r = 22 - j. Suppose 9*x - 12*x + 39 = r. What is the tens digit of x?
1
Let p be 4*5*150/(-24). Let x be 2/(-12) - p/30. Suppose 44 = 8*g - x*g. What